and 205616.
362
What is the greatest common divisor of 15515300 and 100?
100
Calculate the highest common factor of 109472 and 32824.
88
What is the greatest common factor of 81449 and 19829?
79
Calculate the highest common divisor of 47636616 and 24.
24
What is the highest common factor of 15934267 and 1772?
443
What is the greatest common divisor of 2 and 146181118?
2
Calculate the highest common divisor of 674080 and 957.
11
What is the greatest common divisor of 23 and 2187?
1
Calculate the highest common factor of 301592148 and 1716.
1716
Calculate the highest common divisor of 520352 and 4564392.
5656
What is the greatest common factor of 6282 and 9474?
6
Calculate the highest common factor of 5115280 and 3840.
80
What is the greatest common factor of 39825189 and 1134?
81
Calculate the highest common factor of 37393392 and 36.
12
Calculate the greatest common divisor of 9 and 320968671.
3
Calculate the greatest common factor of 3585 and 48586071.
717
What is the highest common divisor of 67 and 56391019?
67
What is the highest common divisor of 343193565 and 4145?
4145
Calculate the highest common factor of 240518 and 146706.
998
Calculate the greatest common divisor of 3037310 and 1910.
10
Calculate the greatest common divisor of 163431465 and 75.
15
What is the highest common factor of 3197269 and 38822?
2773
Calculate the highest common factor of 4311 and 454625127.
4311
Calculate the highest common factor of 310702906 and 69.
23
Calculate the highest common divisor of 4873 and 254814043.
4873
Calculate the highest common factor of 42300 and 6362860.
940
What is the greatest common factor of 5281930 and 5080?
1270
What is the greatest common factor of 25 and 26537175?
25
What is the greatest common divisor of 1797 and 122451773?
599
Calculate the greatest common divisor of 1204083 and 324.
9
What is the highest common factor of 76032 and 39798?
594
Calculate the highest common divisor of 14319 and 386742.
129
Calculate the greatest common factor of 70391 and 20855.
43
Calculate the highest common divisor of 135 and 257270985.
135
What is the highest common factor of 127816 and 1100?
4
Calculate the highest common factor of 2115205806 and 219.
219
What is the greatest common factor of 160 and 696218960?
80
Calculate the greatest common factor of 9 and 7115166.
9
What is the greatest common divisor of 124 and 13689786?
62
What is the highest common divisor of 2220946 and 98?
14
What is the highest common factor of 1249 and 6206281?
1249
What is the greatest common factor of 12045 and 10441920?
1095
Calculate the greatest common factor of 1480832 and 8704.
128
Calculate the highest common factor of 49651 and 91315282.
7093
What is the highest common divisor of 8357466 and 338?
26
What is the highest common factor of 585 and 5280570?
45
What is the greatest common divisor of 54 and 3003498?
18
What is the greatest common divisor of 359382 and 1008726?
534
Calculate the highest common divisor of 202137975 and 754.
377
Calculate the greatest common factor of 213 and 21219983.
71
Calculate the highest common divisor of 71224 and 215064.
232
What is the greatest common divisor of 2490 and 47301285?
1245
What is the greatest common factor of 206941 and 1441447?
119
What is the greatest common factor of 60 and 1577508?
12
What is the greatest common divisor of 25948681 and 187?
187
Calculate the highest common divisor of 12589461 and 106.
53
Calculate the greatest common divisor of 1999215 and 5153355.
7965
What is the highest common factor of 3317364 and 559?
43
Calculate the highest common factor of 113897052 and 78.
6
What is the greatest common factor of 25394596 and 764?
764
Calculate the greatest common factor of 418242 and 50028.
66
Calculate the highest common factor of 10 and 66473255.
5
What is the greatest common divisor of 54510 and 1116075?
345
What is the greatest common factor of 8100 and 1345815?
405
Calculate the greatest common factor of 1613802 and 3757770.
5826
What is the highest common divisor of 833427 and 4815?
9
What is the greatest common divisor of 59 and 15746923?
59
Calculate the greatest common divisor of 19272 and 2430252.
132
What is the highest common factor of 225377828 and 4?
4
What is the highest common factor of 689579 and 249485?
41
What is the highest common factor of 783859915 and 95?
95
What is the highest common divisor of 23304127 and 1874?
937
What is the greatest common divisor of 44 and 846098?
22
What is the greatest common factor of 4630 and 12614435?
2315
What is the greatest common divisor of 21976 and 1170427?
41
Calculate the greatest common divisor of 144152 and 10505564.
1948
What is the highest common divisor of 5264 and 796112?
16
What is the highest common divisor of 697086 and 42699?
993
Calculate the highest common divisor of 2762512 and 224.
16
What is the highest common divisor of 173609304 and 102?
102
What is the highest common factor of 46208 and 37316?
76
Calculate the highest common factor of 38924760 and 87016.
1192
Calculate the greatest common factor of 340 and 11650372.
68
Calculate the highest common divisor of 17998317 and 19647.
333
Calculate the greatest common factor of 13808 and 74219726.
1726
What is the greatest common factor of 41040879 and 33?
33
Calculate the highest common factor of 26746545 and 105.
105
Calculate the greatest common factor of 2007 and 11747194.
223
What is the greatest common divisor of 25674 and 259146354?
2334
What is the greatest common factor of 502820 and 29140?
620
Calculate the highest common divisor of 6206 and 163038.
58
Calculate the greatest common divisor of 183092 and 782668.
2012
Calculate the highest common divisor of 257 and 1452785791.
257
Calculate the greatest common divisor of 1968 and 7034.
2
What is the highest common divisor of 5 and 75525?
5
What is the greatest common factor of 94116 and 66585?
69
What is the greatest common factor of 73736312 and 3152?
1576
What is the greatest common factor of 595336 and 4417?
7
What is the highest common divisor of 991 and 1277164133?
991
Calculate the greatest common divisor of 66953212 and 12.
4
Calculate the highest common factor of 241 and 128271527.
241
Calculate the highest common divisor of 1084684 and 140248.
1492
Calculate the highest common factor of 1587 and 825999.
69
Calculate the highest common factor of 4974399 and 135.
27
What is the highest common factor of 2665 and 1660459?
41
What is the greatest common divisor of 743166 and 22914?
342
What is the greatest common factor of 15367883 and 87?
29
Calculate the greatest common divisor of 72183755 and 31465.
1015
Calculate the greatest common divisor of 553938 and 1876980.
4578
What is the highest common divisor of 1056 and 50503332?
132
Calculate the greatest common factor of 7040 and 204105.
55
Calculate the greatest common factor of 184854859 and 7.
7
Calculate the greatest common factor of 124456 and 8275.
331
What is the highest common factor of 343456 and 25504?
32
Calculate the highest common divisor of 733837968 and 1296.
1296
What is the highest common factor of 348 and 314568858?
174
What is the highest common divisor of 28273 and 750677?
577
What is the highest common factor of 3720 and 78585?
465
Calculate the greatest common divisor of 20970 and 47998.
466
Calculate the highest common factor of 6248250 and 310500.
2250
Calculate the greatest common factor of 2773 and 63480578.
59
Calculate the greatest common divisor of 8051805 and 1131008.
2209
What is the highest common divisor of 8389265 and 4586495?
6815
Calculate the greatest common divisor of 10818405 and 1170.
585
What is the highest common factor of 8317255 and 1825?
365
What is the greatest common factor of 50520029 and 98?
49
What is the highest common divisor of 304207282 and 5338?
5338
What is the highest common divisor of 26435288 and 426?
142
Calculate the highest common divisor of 953590 and 128.
2
What is the greatest common factor of 521376 and 25824?
96
Calculate the greatest common factor of 7252 and 7944076.
196
What is the highest common divisor of 389984364 and 11?
11
What is the greatest common divisor of 27 and 20526399?
27
Calculate the greatest common factor of 38339492 and 1064.
76
What is the greatest common factor of 230 and 